91. Let x(b) = b - 8. Let j be x(11). Let l(q) = q**3 - 4*q**2 + 3*q. Let v be l(j). Is g(v) a composite number?
True
Let r(b) = 23*b - 48. Suppose 23*v - 140 - 389 = 0. Is r(v) a composite number?
True
Suppose 3937809 + 41554376 = 355*u. Is u a composite number?
False
Let x = -4654 - -8303. Is x prime?
False
Let o(r) = 6063*r + 1565. Is o(8) a prime number?
True
Let n(f) = f**2 + f + 1711. Let q = 20 - 17. Let l be (0 - (0 - 0))/(q - 4). Is n(l) composite?
True
Suppose 0 = -3*y + 205 - 79. Let z be ((-54)/21)/((45/y)/(-5)). Let g(h) = 2*h**3 - 10*h**2 - 9*h + 15. Is g(z) composite?
True
Let k = -204032 + 519811. Is k composite?
False
Suppose -64*p = -52*p - 3776316. Is p prime?
True
Let r = 1376 - -136. Let u = 2311 - r. Is u composite?
True
Suppose -w - 156 + 160 = 0, w = 4*v - 480464. Is v a composite number?
True
Is (-544764)/(-42)*(-1 + (-99)/(-22)) prime?
False
Let h = 1696976 + -207477. Is h composite?
True
Let o(n) be the first derivative of -6*n**4 + 10*n**3/3 + 9*n**2/2 + 12*n + 39. Let d be o(-6). Suppose 6*i - 12*i = -d. Is i a composite number?
True
Let n be 8*-1*(-5)/(-10). Let s be n/(-2) + 8*1. Is (-4)/s + 7221/15 a composite number?
True
Let d(v) = 156911*v**2 + 14*v + 15. Is d(-2) prime?
False
Let g = 13074 + 5033. Is g a prime number?
False
Suppose 0 = -5*z + 3*f + 98952 + 32542, -f - 26296 = -z. Is z a prime number?
False
Suppose v - 3 = -a, 4*a = -0*a - v + 3. Suppose a*h - 4*h + 16 = 0. Suppose -h*p - 3*y + 1349 = 0, 4*p + 9*y - 4*y - 1355 = 0. Is p a composite number?
True
Let q = -28318 + 17119. Let d = q - -24812. Is d a prime number?
True
Is (-19)/(-228)*-2 + (2 - 2492841/(-18)) a prime number?
True
Let s(x) = 4*x + 33. Let q be s(-7). Suppose -17*y + 288244 = q*y. Is y prime?
False
Let z be 45/36*(1*8)/(-2). Let t = z - -6. Is (-2501 + -2)/(t*(-1)/1) composite?
False
Suppose -23567 = -2*q + 3*k, 5*k + 41 = 66. Is q prime?
False
Let x be 3*135133/27 + 2/9. Suppose -43209 + x = -6*w. Is w composite?
True
Suppose -7*o + 228 = -6*o. Suppose -30 = 2*p + o. Let t = p - -680. Is t composite?
True
Let m = -31 + 32. Let d(j) = 2*j + 2. Let a be d(m). Suppose -2*t + 4785 = -3*q, a*t - 13194 + 3625 = 5*q. Is t a prime number?
False
Let h(c) = -85*c**3 - 13*c**2 - 3*c - 18. Is h(-11) composite?
False
Let y = 22247 - -231836. Is y a prime number?
True
Let l(h) = 254*h - 3. Let a be l(7). Suppose 3*d - 3 - 2 = z, 5*d - 27 = -3*z. Suppose 536 = -d*t + a. Is t a prime number?
False
Suppose 26*j - 5*n = 27*j - 19851, 2*n + 19837 = j. Is j composite?
False
Let f be (7 + 8)*(-1 - -2). Suppose 2*t = 7*t - 5*i - f, 0 = -t + 5*i - 1. Is (-6)/t + (-9916)/(-8) + 5 prime?
False
Let h(y) = -y**2 + 6*y + 11. Let q be h(6). Let x(b) = b**2 + b - 1. Let z(w) = 2*w**2 + 24*w - 57. Let k(o) = 6*x(o) - z(o). Is k(q) composite?
False
Let t be 5/40 + 46/16. Is t/((-3)/(-4)) + 4487 + -13 prime?
False
Suppose g - 105 = -4*g + c, -5*g = -2*c - 110. Suppose 11*u - 6*u - 5*d - 4020 = 0, 0 = 4*d - g. Is u a prime number?
True
Let r be -18*(-126)/(-18)*(-2)/(-7). Is r/48 + (-18847)/(-4) composite?
True
Let c(k) be the first derivative of -230*k**2 - 39*k - 20. Let j(z) = z**3 + 16*z**2 + 16*z + 6. Let b be j(-15). Is c(b) prime?
False
Suppose -87*b + 3599519 - 599629 = -2924723. Is b a prime number?
True
Let y(l) = -l**3 + 24*l**2 + 103*l - 5. Is y(16) prime?
True
Let v(y) = 152*y**2 + 6*y + 3. Let r be v(7). Suppose -r = -19*x + 1950. Is x a composite number?
True
Let t(r) = -656*r - 3. Let g(m) = 655*m + 3. Let d(w) = -3*g(w) - 2*t(w). Let y be d(-3). Suppose 2*s - 9598 = -a, -3*a + y = s - 2833. Is s a prime number?
True
Let p = -127 - -216. Suppose p = 6*o - 421. Is o*(1 - (0 - 0)) a composite number?
True
Let y(r) = -41*r**3 + r + 8. Let g be y(-4). Let f be 4/3*57/38. Suppose g = f*n - 490. Is n a prime number?
True
Suppose 197*j = -36*j + 4083791. Is j prime?
False
Let v(c) = -97*c - 95*c - 8 + 51*c. Is v(-7) a composite number?
True
Is (((-2)/5)/((-138)/(-115)))/(4/(-272820)) a composite number?
True
Let y(p) = 3234*p**2 - 258*p - 2129. Is y(-8) composite?
False
Suppose -2*j + 5*j = -5*k + 25, 5*k = 5*j + 25. Suppose j = 2*f - 3025 - 2131. Is f prime?
False
Suppose -7752*g - 230835 = -7767*g. Is g a composite number?
True
Suppose 5*b - 89283 = -3*v + 220, 3*v - 53697 = -3*b. Is b composite?
False
Let z(f) = 2009*f**2 - 15*f + 2765. Is z(52) a prime number?
True
Suppose -6*j + j = -15. Suppose -4*i = -j*x - 23, 4*i - 42 = 5*x - 9. Suppose -i*k + 2420 = 286. Is k a prime number?
False
Suppose 3 + 13 = 4*o. Let n be (o - 5) + (-2)/(-2). Is (8 - 9)*(n + -1 - 676) composite?
False
Suppose -4*g + 2*p = -192060, 3*p = -26*g + 22*g + 192080. Is g composite?
False
Let a(p) = 4*p - 24. Let n be a(6). Let s be (-2 + n + 2)/2. Suppose 3*g - 261 = -s*g. Is g a prime number?
False
Suppose s - 5792 = 1160. Suppose -f + 5*y + 29 = y, 7*y = -42. Suppose f*c - s = 11343. Is c composite?
False
Suppose -21*j = 18007 - 2026. Let m = j + 1576. Is m a composite number?
True
Let a = 286175 - 158248. Is a a prime number?
False
Let a(v) = -6*v**2 - 2*v - 1. Let k be a(-2). Let z(i) be the second derivative of -12*i**3 + 31*i**2/2 - 3*i + 25. Is z(k) a prime number?
True
Let g(h) = -2288*h - 29. Let p be g(6). Let v = p + 21158. Is v prime?
False
Suppose 250 = 7*v + 180. Suppose 0 = -4*d - d + 75. Suppose -8895 = v*t - d*t. Is t prime?
False
Let h be 0*(5 - 3)/10. Suppose -7*v = -54 - 16. Suppose v*l - 721 - 5689 = h. Is l a composite number?
False
Suppose -64*t - 44*t - 28605844 = -83916640. Is t composite?
False
Suppose 5*b + 187 = 177. Is 8/16*-4*12659/b composite?
False
Suppose -5986 = -18*v - 35236. Let x = -856 - v. Is x a composite number?
False
Let d(r) = r**3 + 37*r**2 + 36*r + 6. Let p be d(-36). Is 2*3967/p*3 composite?
False
Let s(j) = -243*j + 22. Let w(t) = -241*t + 26. Let y(p) = -5*s(p) + 6*w(p). Is y(-5) a composite number?
False
Is 12 - 100/5 - (3 - 408060) composite?
False
Is (-3272)/296 - -11 - (-5384910)/74 a prime number?
False
Suppose 14*h + 39 = 109. Suppose h*r = 12782 - 1697. Is r composite?
True
Let x(b) = 4*b**2 - 17. Let y(r) = -3*r - 85. Let q(a) = 2*a + 42. Let i(n) = 7*q(n) + 4*y(n). Let f be i(26). Is x(f) a composite number?
False
Suppose 2*a - 5*j + 3 = a, j + 1 = 0. Let p(h) = -2*h**3 + 10*h**2 + 12*h + 17. Is p(a) a composite number?
True
Suppose 188*p - 130704758 = 39162830. Is p composite?
True
Let g be (-4)/(-2)*-2*1/2. Let c be (g + 1)*(-165 + 4). Suppose 4*x - c = 3*x. Is x prime?
False
Suppose 4*v + 3*u + 12 = 0, 0*v - 12 = 3*v + 3*u. Suppose 7*g - 111122 - 4007 = v. Is g a prime number?
True
Let d be (1544/10)/((-10)/(-25)). Let r be -2 - 9/9*(-397)/1. Suppose -3*b = -i - r, 5*b = i + 271 + d. Is b prime?
True
Let c(o) = 793*o - 482. Let z be c(12). Let r = -3957 + z. Is r composite?
False
Let n = 173651 + -80721. Suppose -y + 154930 = 5*c, -3*c + 3*y + n = -2*y. Is c composite?
True
Let p(a) = 762*a**2 - 4*a + 39. Is p(10) composite?
True
Suppose -22*p = -935413 - 1919. Suppose -p = -4*l + j, -j + 17992 = 4*l - 24610. Is l composite?
False
Let b = -217 - -221. Suppose 5*v + 5*k - 68314 = -9584, -b*v = 5*k - 46979. Is v prime?
False
Let t be 1/4 - (855/36)/(-5). Let o(r) = r**2 + 8*r - 9. Let y be o(-9). Suppose y = t*m + z - 634, -4*m - 2*z + 125 = -3*m. Is m prime?
True
Let w(r) = 449*r - 336*r + 169*r + 1473*r - 61 + 1327*r. Is w(8) prime?
False
Suppose 29 = v + 2*g, -6*v + 11*v - 140 = -5*g. Is (-2439970)/(-234) + (-6)/v a prime number?
True
Let a = 1451877 + -666878. Is a a composite number?
True
Is 135326 + ((-1)/2)/(-3 - 145/(-50)) composite?
True
Is (-18)/(-60) + (7 - 90214999/(-70)) a prime number?
False
Let f = -658 - -658. Let g = 3 - 7. Is (g - -3) + 4752 - f composite?
False
Let c(y) be the second derivative of y**5/20 - 17*y**4/12 + 5*y**3/2 - 31*y**2/2 + 41*y. Is c(18) composite?
False
Suppose -1457 = -5*w - 0*v + 4*v, -v = 2*w - 588. Let x = -70 + w. Is x prime?
True
Is ((-3442)/25815)/(1*1/(-1845015)) a composite number?
True
Let x = -91 - -91. Suppose x = 1014*j - 1012*j - 64918. Is j a prime number?
False
Let m be 3/((-19304)/19300 + 1). Let t = -10182 - m. Suppose -3*v + 4*h = -6451, 0 = 2*v + 3*h + 2*h - t. Is v a prime number?
False
Let o(k) = -k**2 - 4*k - 2. Let p(b) = 1522*b**2 + b + 3. Let y(m) = o(m) 